(a) = a**2 + a + 65. Is m(0) a composite number?
True
Suppose -3*n = -r + 988, -5*r - 5*n = -2*n - 4886. Is r a prime number?
False
Suppose -2*v - 2*v + 476 = 0. Is v prime?
False
Suppose -3*q + 2*i + 4 = 0, 5*q - 7*i + 2*i = 0. Suppose 2*v = 2*u + 10, 3*v - 5*v = q*u - 4. Is (22/3)/(v/66) prime?
False
Suppose 4*w + 14 = 2*g, 2*w = 5*g - 5 - 22. Let x be (-2)/g + 141/15. Suppose a - x = 2. Is a composite?
False
Let b be (-2)/3*1128/(-4). Suppose x = -3*x + b. Let f = x + 32. Is f a composite number?
False
Let y(l) = l**3 - 3*l**2 + l - 10. Is y(9) composite?
True
Let p(n) = n**2 + 7*n - 4. Suppose -3*r = -0*r - 12. Suppose t + 3*y + 12 = 0, -r - 10 = 2*t - 4*y. Is p(t) prime?
False
Let z(h) = -59*h - 13. Is z(-4) a prime number?
True
Suppose 4*f + 251 = 5*f. Is f a composite number?
False
Let c(m) = 274*m + 5. Is c(2) a composite number?
True
Suppose 3*q = -0*q + 237. Is q prime?
True
Let o(n) = 4*n**2 - 4*n**2 - 3*n**2 + 1 - n**3. Let u be o(-3). Is u/((9/(-237))/(-3)) a prime number?
True
Is 315 + 1 + 1 + 2 composite?
True
Let h(t) = -t - 13. Let a be h(-6). Let z = a + 10. Suppose -b + 81 = 4*k, -z*b + 5*b = 5*k + 149. Is b prime?
False
Is (0 - -874) + (-8)/((-48)/18) prime?
True
Suppose -5*a - 25 = 5*s, 4*a + 22 = 2*a - 5*s. Is -14*a*(-53)/(-2) a prime number?
False
Is (1 - 595/(-2)) + 3/6 a prime number?
False
Suppose 0*k + 5*k - 11465 = 0. Is k prime?
True
Suppose 4*h - 191 = -3*t, 0 = 2*h - 3*t - 54 - 19. Let o(a) = 4*a - 3. Let f be o(2). Let b = f + h. Is b composite?
True
Let m = -17 - -18. Let v(z) = 36*z + 1. Is v(m) a composite number?
False
Let v = -424 + 245. Let p = -122 - v. Is p composite?
True
Let c(b) = b**3 - 3*b**2 + 3*b - 4. Let u be c(3). Suppose 4*p + 582 = u*d - 167, -p - 746 = -5*d. Is d composite?
False
Let l be (28 - 0)*(1 + 0). Suppose l = w + 180. Let i = w - -239. Is i prime?
False
Let i(m) = -6*m - 3. Let q be i(5). Is 73/4 - q/44 a prime number?
True
Let g(x) = 11*x**2 + 18. Is g(-5) a composite number?
False
Let j be 31/3*(11 - 2). Let s = -56 + j. Is s composite?
False
Let t(s) = -s**3 + 6*s**2 - 4*s + 1. Let o(v) = -v**3 - v. Let x(d) = 2*o(d) - t(d). Let z(g) = g**3 - 13*g**2 - 16*g + 21. Let q be z(14). Is x(q) composite?
True
Suppose 3*k + r - 7 = 0, -5*r - 26 + 4 = -4*k. Is 1*(31 + k - -3) composite?
False
Let m(h) = 249*h + 2. Let c be 5 - (2 + -2 - -4). Is m(c) composite?
False
Let l = -10 - -3. Let h = -20 + 38. Let x = h + l. Is x a prime number?
True
Suppose 3*r - g = 6 + 4, -g = 5*r - 22. Let x = r - -11. Is x a composite number?
True
Let q(p) be the first derivative of 14*p**2 - 5*p + 4. Is q(6) a composite number?
False
Let u be (2 - 0)*(-9)/(-2). Suppose -u = -5*v + 2*v. Suppose -2*h - 71 - 117 = -2*m, v*m = 5*h + 276. Is m a composite number?
False
Suppose -8 = -5*u + 2. Suppose -2*m - u*m = -12. Is m prime?
True
Let o = -10 + 13. Suppose o*x - 1765 = -2*x. Is x a prime number?
True
Let f be 372/5 + 6/(-15). Suppose c + c = f. Is c composite?
False
Is (-2)/(-6) - 1030/(-15) a composite number?
True
Suppose b - 2*j = -2*b + 1, -4*j + 13 = -b. Suppose b = -h - 2*f, -f = 4*h - 0*h - 16. Is 187/h - 4/10 prime?
True
Suppose -6 = 3*q - 2*q. Is (-261)/(-7) + q/21 prime?
True
Let q = 144 + 147. Is q composite?
True
Suppose 3352 = 4*v + l, 0 = 3*l + l + 16. Is v composite?
False
Let k(o) = -9*o - 1. Suppose -7*j = -2*j + 30. Is k(j) a composite number?
False
Suppose -2*r - 52 = -6*r. Suppose s - 9 = 5*t, -s - 4*t + 12 = -5*s. Is 0*(-3)/s + r composite?
False
Let i(l) = l**2 + 10*l + 11. Let g be i(-8). Let m = -1 - g. Suppose -2*o = -m*o + 42. Is o composite?
True
Suppose -4*c + 37 = -1339. Suppose -2*p = k - 220 + 51, -4*k = 4*p - c. Is p prime?
True
Let p(w) = 25*w**3 - 3*w**2 - 5*w + 11. Is p(4) a composite number?
False
Suppose 5*r - 368 = -58. Let z = -467 - -656. Let b = z - r. Is b a composite number?
False
Let m = 1 - 9. Is (-2)/m + (-105)/(-28) prime?
False
Suppose -74 = -2*r + 3*d + 108, 0 = 4*r + d - 336. Is r a prime number?
False
Is (138/24)/(2/328) a prime number?
False
Let j(f) = 7*f**2 + 2*f - 1. Let h be j(1). Suppose 4*i - h = -4*v + 8, -5*v = 2*i - 5. Suppose -19 - i = -4*z. Is z prime?
False
Let s = -948 + 1366. Suppose -s = -5*y + 237. Is y composite?
False
Let d be 0/2 - (-4 + 2). Let y(w) = 5*w**2 - 4*w + 2. Is y(d) composite?
True
Suppose 0 = -10*o + 5*o + 10. Let x = 1595 - 783. Suppose 2*b - x = -o*b. Is b a composite number?
True
Let f(i) = -i**2 + 8*i - 3. Let c be f(7). Suppose 5*u - 12 = -2*k, -u - k = c*k + 16. Let h(j) = 2*j**3 + j**2 - 7*j + 5. Is h(u) prime?
False
Let l(h) = -5*h. Let s be l(-4). Suppose -2*j + 32 = 2*z, 0 = -5*j + 4*j - 2. Suppose o + 2*r + z - 95 = 0, -4*r - s = 0. Is o a prime number?
False
Let g be (-1)/(2/224) + 0. Let j = -170 + 5. Let b = g - j. Is b prime?
True
Let n = 56 - 5. Suppose -4*x = -2*v - 116, 5*v + 0*v = -x + n. Is x a composite number?
False
Let r = -22 - -15. Let a = r + 42. Is a a composite number?
True
Suppose 2*z + 5*f + 8 = 0, 2*z - 5*f - 4 = 8. Let j(w) = 218*w**2 + w - 1. Is j(z) a prime number?
False
Suppose 4*g - 229 = -3*v, g - 244 = -3*v - 0*g. Is v a prime number?
True
Suppose 0 = o - 253 + 2. Is o composite?
False
Is ((-10)/(-6))/((-21)/(-11277)) a prime number?
False
Suppose -12*x = -6*x - 4434. Is x a composite number?
False
Let c = -180 - -617. Is c a composite number?
True
Let c(f) = 5*f - 4. Let j(m) = m**3 + 6*m**2 + 5*m + 5. Let a be j(-5). Is c(a) a prime number?
False
Suppose -700 = -5*t + 2235. Is t a prime number?
True
Let v(s) = -s**2 + 10*s + 13. Let g be v(10). Is (11 - (2 - 2))*g a composite number?
True
Let w = -21 - -36. Is w composite?
True
Let f(q) be the second derivative of 5*q**4/4 - 2*q**3/3 + 2*q**2 + 2*q. Suppose -8 = -2*i - 2. Is f(i) a prime number?
True
Let g = 7 - 7. Suppose -c + 3*c - 92 = g. Is c a composite number?
True
Let q(g) = g**2 + 10*g + 17. Let p be q(-9). Let v be 2/(-2 + 1) - -12. Let w = v - p. Is w composite?
False
Suppose -2*g - 1210 = -4*d - 7*g, 0 = -2*d - 2*g + 606. Is d composite?
True
Suppose -5*q - 3*o = -3550, -2141 = -3*q - 2*o - 2*o. Is q a composite number?
True
Suppose d = 2*d - 2*z + 4, 3*d - z - 3 = 0. Is (-1)/(d - (-54)/(-26)) a composite number?
False
Let j = -9 + 13. Is (11/j)/((-1)/(-44)) composite?
True
Let k(i) = i - 3. Let v be k(3). Suppose v = -y + 1 + 1. Is 226 - (3 - -3)/y a prime number?
True
Let v(w) = w - 2. Let u be v(6). Let m(g) = g**3 - 4*g**2 + 2*g - 4. Let l be m(u). Is l + -4 - 39/(-1) a composite number?
True
Let y = -6 - -7. Let z(r) = 127*r**3 + r - 1. Is z(y) a composite number?
False
Let n(y) = -y**3 + 12*y**2 + 3*y - 7. Is n(9) a prime number?
True
Let x(n) = 18*n. Let k be x(-1). Let a = k - -65. Is a a prime number?
True
Suppose 1 = -f, -5*b + 2*f + 181 + 351 = 0. Is b a prime number?
False
Suppose -m - 3 = 2*m + 5*c, 4*c + 8 = -m. Let a(b) = 22*b**3 + 1 - 2*b + m*b**2 - 4*b**2. Is a(1) prime?
False
Let h(i) = 2*i**3 + 11*i**2 - 7*i + 1. Let v be h(-9). Let s = 888 + v. Suppose -5*w = 3*d - 7*d - 385, 5*w = 5*d + s. Is w prime?
False
Let r(x) = 3*x**2 - 8*x + 8. Let a be r(7). Suppose q = 4*q - a. Let b = -11 + q. Is b prime?
False
Let z(t) = 33*t - 5. Is z(4) composite?
False
Let z = -569 + 247. Let v = -173 - z. Is v a prime number?
True
Let h(a) = -a**3 + 23*a**2 - 35*a - 7. Is h(18) a composite number?
False
Suppose -44 = 3*a + a. Let q(k) = -107*k - 6. Is q(a) composite?
False
Let w = -7 + 7. Is 417 + (-1 + w - 1) a prime number?
False
Suppose 4*q - 30 = 106. Is q prime?
False
Is -1 + 0 + 3 - -89 a composite number?
True
Let v(i) = 16*i**2 + i. Let s = -8 - -7. Is v(s) a prime number?
False
Suppose 9 = -4*m - 15. Let t be (-3)/m*(-1 + 11). Suppose -n - 28 = -4*j, j + t*n = n + 7. Is j a composite number?
False
Let w(x) = -11*x - 7. Is w(-4) a prime number?
True
Let r = -6 + 25. Is r/(1/2 - 0) composite?
True
Let n = -18 - -13. Is n/25 + 1008/15 composite?
False
Suppose 2*b + 3*b - 535 = 0. Suppose 0 = -z + 98 + b. Is z a prime number?
False
Suppose -5*a = a - 4458. Is a prime?
True
Let c(j) = j**3 + j**2 + 2*j + 94. Is c(0) a composite number?
True
Suppose -2*d = -0*k + 2*k - 1106, 4*k - 2236 = 2*d. Is k a prime number?
True
Suppose 3*t - 42 - 15 = 0. Is t a composite number?
False
Let v = -3 + 5. Suppose 0 = g + 2, v*z = 3*